by -9 - -8 - -10*1.
7
Let d(k) = -k**3 + 7*k**2 - 4*k - 1. Let b = -26 + 53. What is the remainder when d(6) is divided by b/(-15)*10/(-3)?
5
Suppose -4*t + 2*w = -30, -3*w = t - w - 5. What is the remainder when t is divided by 5?
2
Suppose -3*k + 21 = -4*j + 114, -k = -5. Suppose -o + 0*c + 3*c + 22 = 0, -o = 5*c + 18. Calculate the remainder when j is divided by o.
6
Let k(z) = -5*z - 75. Let v(m) be the first derivative of m**3/3 - m**2 + 6*m - 1. Calculate the remainder when v(4) is divided by k(-16).
4
What is the remainder when 95 is divided by 12/(3 - (-18)/(-8))?
15
Let i = 8 - -6. Calculate the remainder when i is divided by 8.
6
Let n(u) = -2*u**2 + 9*u + u**2 + 0*u**2 - 6. Suppose -3*c = 4*v - v - 3, -4*c = -4*v + 36. Calculate the remainder when v is divided by n(8).
1
Let d = 57 + -11. Let b = d - 14. Calculate the remainder when 5 is divided by (-8)/(-36) - b/(-18).
1
Let i = -49 - -60. Suppose v + 17 = 49. What is the remainder when v is divided by i?
10
Suppose -i + 155 = 4*i. Calculate the remainder when 91 is divided by i.
29
Let n(u) = u**3 - u**2 + 11. Suppose 2*d - v = 4 + 4, 0 = -d - v + 7. Let q(b) = -b**2 + 6*b - 1. What is the remainder when n(0) is divided by q(d)?
3
Let j(p) = -p**3 - 4*p**2 + 5. Suppose 0 = -4*y - 4*l + 2 - 6, 5*l + 17 = -y. What is the remainder when (y/2)/((-3)/(-16)) is divided by j(-4)?
3
Let w(c) be the second derivative of -c**4/12 - c**3 - 5*c**2/2 - 10*c. What is the remainder when (-38)/(-5) + 2/5 is divided by w(-4)?
2
Let l = -28 + 56. Calculate the remainder when l is divided by 10.
8
Let b = -10 - -28. Suppose 20*h = b*h + 126. Calculate the remainder when h is divided by 13.
11
Let c(w) = w**3 + 5*w**2 + 3*w + 1. Let s be c(-4). Suppose -4*f = 0, -5*y + s*f + 0 = -20. Calculate the remainder when y is divided by 3.
1
Suppose 46*a - 47*a + 77 = 0. Calculate the remainder when a is divided by 21.
14
Let z = -7 - -13. Let y = -2 + z. What is the remainder when 13 is divided by y?
1
Suppose n = -2*n + 9. Suppose 3*p + 49 - 9 = 5*k, -k + p + 6 = 0. What is the remainder when k is divided by n?
2
Suppose 4*g - 24 = g. Suppose -4*p - 7 + 27 = 0. Calculate the remainder when g is divided by p.
3
Suppose 0 = 5*x - 2*h - 185, 170 = 5*x - 3*h - 2*h. Calculate the remainder when x is divided by 10.
9
Suppose 11*c = 7*c + 2*w + 88, -5*c + 125 = 5*w. What is the remainder when c is divided by 6?
5
Suppose -59 - 56 = -3*o + m, 3*m = o - 25. Calculate the remainder when o is divided by 11.
7
Suppose 3*a + 2*l = 11, a + 4*a + 2*l - 17 = 0. Suppose 4*j - 2*p - a*p - 43 = 0, p = -3. Calculate the remainder when j is divided by 3.
1
Suppose -4*l + 7*j = 2*j - 370, -3*j = -3*l + 276. Suppose -3*u + 8*u - l = 0. Let i = -13 + u. What is the remainder when 13 is divided by i?
3
Suppose 3*p + 5 = -7, -q - 3 = 2*p. What is the remainder when 27 is divided by q?
2
Let h(u) = 37*u**2 + 2*u + 2. Calculate the remainder when 72 is divided by h(-1).
35
Let s = 45 + -18. Calculate the remainder when s is divided by 14.
13
Let z(q) = q**2 + 8*q - 18. Calculate the remainder when z(-13) is divided by (31 - -1)*(-1)/(-2).
15
Let o(k) = -53*k - 13. What is the remainder when 157 is divided by o(-1)?
37
Suppose -r + 3*w + 0*w + 41 = 0, 4*r - 84 = -4*w. Calculate the remainder when 75 is divided by r.
23
Suppose 2*j - 3*o = -4*o - 5, -5*o = 5. Let a be 1 + j*3/(-6). Suppose -2*p - 3 = p, 0 = -f - a*p + 8. Calculate the remainder when 28 is divided by f.
8
Suppose -2*h + 2*i + 0*i = -34, i = -2*h + 25. Let u(c) = -c**2 + c + 26. Let v = 3 + -3. What is the remainder when u(v) is divided by h?
12
Let u(z) = -4*z - 15. Suppose -1 - 47 = -2*n. Calculate the remainder when n is divided by u(-7).
11
Let z(y) = y**3 - 13*y**2 + 16*y - 29. What is the remainder when 34 is divided by z(12)?
15
Let h = 0 + 8. Let j(f) = -4*f - 6. Calculate the remainder when j(-5) is divided by h.
6
Suppose 23 = -0*n + n + 5*r, 5*r + 55 = 5*n. Calculate the remainder when 50 is divided by n.
11
Calculate the remainder when (2 + -1)*-2 + (-2 - -85) is divided by 28.
25
Let z(g) = -3*g + 16. Let y be z(5). Suppose -3 = -t + y. Suppose 0 = 5*k - 10, -6*v + v = k - 37. What is the remainder when v is divided by t?
3
Suppose 0 = -4*c - 2*h + 38 + 72, -c = 4*h - 10. Calculate the remainder when c is divided by 11.
8
Let i(t) = t**2 - t + 12. Let y be i(0). Let r = -4 + y. Let h(k) = -k + 7. What is the remainder when h(-7) is divided by r?
6
Let m = -1 + 5. What is the remainder when 329/28 - (-1)/m is divided by 5?
2
Let f(j) = 4*j**3 - 2. Calculate the remainder when f(2) is divided by 8.
6
Let a be (-1 - -3)/((-2)/23). Suppose 3*n = -2*l - 3 + 10, 4*l - 5*n = 47. Calculate the remainder when (-3 + -2 + 4)*a is divided by l.
7
Suppose 0 = 3*s - p - 281, -5*p = 2*s - 39 - 120. Let m(n) = 3*n + 3. Calculate the remainder when s is divided by m(7).
20
Calculate the remainder when 15 is divided by 36/162 - (-68)/18.
3
Let q(v) = 2*v**3 - 5*v**2 - 4*v + 5. Let j(r) = -r**3 + r**2 + 2*r - 2. Let b be j(2). What is the remainder when q(4) is divided by (1/3)/(b/(-78))?
11
Suppose -8*d + 3*d + 85 = 0. Let t = -4 - -4. Suppose -q + 9 + 0 = t. Calculate the remainder when d is divided by q.
8
Suppose 4*q + 0 + 85 = n, -4*q + 170 = 2*n. Calculate the remainder when n is divided by 29.
27
Let s = -7 - -7. Suppose -r - 4 = -4*p, s*p - 10 = -r - 3*p. What is the remainder when 7 is divided by r?
3
Let w = 21 - -48. Calculate the remainder when w is divided by 12.
9
Let x = 0 + 6. Let r = 30 - 9. What is the remainder when r is divided by x?
3
Suppose 5*j = 12 - 42. Let d(i) = -i**3 - 4*i**2 + 3*i - 4. Calculate the remainder when d(j) is divided by 13.
11
Let o = -33 - -52. Calculate the remainder when 35 is divided by o.
16
Suppose -2*j = -2, 5*z - 4*z - 4*j = 16. Calculate the remainder when z is divided by 8.
4
Let x(m) = 2*m - 7. Let t be x(5). Suppose -5*a + t*a = -118. Suppose 0 = 5*q + s - 97, 0 = -2*q + s - 5*s + 28. Calculate the remainder when a is divided by q.
19
Let n be (-1 + (-4 - -2))/(-1). Suppose 0*w - n*w + 6 = 0. Suppose -8 = -w*t - 2*t. Calculate the remainder when 2 is divided by t.
0
Let k = 10 + -12. What is the remainder when 39 is divided by (-68)/(-7) + k/(-7)?
9
Suppose 13 + 7 = 2*n + 2*d, 4*n - 46 = 2*d. Calculate the remainder when 108 is divided by n.
9
Let s(z) = 4*z - 3. Calculate the remainder when 34 is divided by s(3).
7
Let t be 8*((-195)/6)/5. Let v = t + 133. Let w = 36 + -15. Calculate the remainder when v is divided by w.
18
Let t = -33 + 50. Suppose 3*n - 4*n = -t. Calculate the remainder when 31 is divided by n.
14
Let t(z) = -z**3 - 9*z**2 + 13*z + 65. Calculate the remainder when t(-10) is divided by 29.
6
What is the remainder when ((-21)/(-12))/((-2)/(-32)) is divided by 10?
8
Let x(b) = -b + 58. Suppose l + l - f = 33, -3*l - f + 42 = 0. What is the remainder when x(0) is divided by l?
13
Suppose -3*o = -r - 81, 2*o + r - 54 = -0*r. What is the remainder when o is divided by 14?
13
Calculate the remainder when 51 is divided by 10/(-4)*(36/(-6) - -4).
1
Let y(c) = -2*c**2 - 2*c - 3. Suppose 3*t + 26 = -5*n - 3, -n - 4 = 0. Let i be y(t). Let v = i + 24. What is the remainder when v is divided by 5?
4
Let a be 1*(3 - 4)*-41. Suppose r + 2*x - a = 0, -3*x = -r - 8*x + 41. Calculate the remainder when r is divided by 14.
13
Let u(t) = -t**3 - t**2 + t + 5. Let m be (6/15)/(1/(-10)). Calculate the remainder when (13/(-2))/(2/m) is divided by u(0).
3
Suppose f - 5*j - 30 = -4*f, 3*f = -2*j - 2. Suppose -4*a + f = -14. What is the remainder when a is divided by 3?
1
Let o = 24 - 6. Let i(g) = 3*g**2 - g - 1. What is the remainder when i(5) is divided by o?
15
Let s(i) = 4*i + 61. Calculate the remainder when (-2)/(-2) + (-7)/(-1) is divided by s(-14).
3
Let c = -2 - -5. Suppose 0 = 3*q - 4*g - c - 0, 4*q + 5*g - 4 = 0. Let v(l) = 22*l. What is the remainder when v(q) is divided by 8?
6
Suppose 0*q - 5*i = 2*q - 21, -47 = -4*q - 5*i. What is the remainder when 49 is divided by q?
10
Let g be (-2 - (-33 - 1)) + 0. Suppose -3*a = -a - g. Suppose 4*n = 4*m + 140, 5*m - 217 + 82 = -5*n. Calculate the remainder when n is divided by a.
15
Let k(d) = -d**2 + d + 11. Let c(p) = p**2 - 2*p - 3. Let i be c(3). What is the remainde